{"id":1051,"date":"2019-06-13T12:38:40","date_gmt":"2019-06-13T09:38:40","guid":{"rendered":"https:\/\/turkiskasvattajat.fi\/?post_type=fact&#038;p=1051"},"modified":"2019-06-13T12:38:40","modified_gmt":"2019-06-13T09:38:40","slug":"43","status":"publish","type":"fact","link":"https:\/\/turkiskasvattajat.fi\/sv\/fact\/43\/","title":{"rendered":"#43"},"content":{"rendered":"<p><span style=\"font-weight: 400;\"><strong>Visste du att p\u00e4lsn\u00e4ringen alltid har varit en cyklisk ekonomi?<\/strong> P\u00e4lsarnas priser n\u00e5r topp och botten i perioder p\u00e5 cirka 6\u20138 \u00e5r. Uppf\u00f6darna \u00e4r medvetna om detta och kan d\u00e4rf\u00f6r f\u00f6rbereda sig p\u00e5 cyklerna och v\u00e4nta p\u00e5 en ny uppg\u00e5ng.<\/span><\/p>\n","protected":false},"template":"","class_list":["post-1051","fact","type-fact","status-publish","hentry","description-off"],"custom_data":{"newsfeed_image":"","posttype_name":"100 fakta","excerpt":"Visste du att p\u00e4lsn\u00e4ringen alltid har varit en cyklisk ekonomi? P\u00e4lsarnas priser n\u00e5r topp och botten i perioder p\u00e5 cirka 6\u20138 \u00e5r. Uppf\u00f6darna \u00e4r medvetna om detta och kan d\u00e4rf\u00f6r f\u00f6rbereda sig p\u00e5 cyklerna och v\u00e4nta p\u00e5 en ny uppg\u00e5ng."},"_links":{"self":[{"href":"https:\/\/turkiskasvattajat.fi\/sv\/wp-json\/wp\/v2\/fact\/1051","targetHints":{"allow":["GET"]}}],"collection":[{"href":"https:\/\/turkiskasvattajat.fi\/sv\/wp-json\/wp\/v2\/fact"}],"about":[{"href":"https:\/\/turkiskasvattajat.fi\/sv\/wp-json\/wp\/v2\/types\/fact"}],"wp:attachment":[{"href":"https:\/\/turkiskasvattajat.fi\/sv\/wp-json\/wp\/v2\/media?parent=1051"}],"curies":[{"name":"wp","href":"https:\/\/api.w.org\/{rel}","templated":true}]}}

<p><span style="font-weight: 400;"><strong>Visste du att pälsnäringen alltid har varit en cyklisk ekonomi?</strong> Pälsarnas priser når topp och botten i perioder på cirka 6–8 år. Uppfödarna är medvetna om detta och kan därför förbereda sig på cyklerna och vänta på en ny uppgång.</span></p>

Visste du att pälsnäringen alltid har varit en cyklisk ekonomi? Pälsarnas priser når topp och botten i perioder på cirka 6–8 år. Uppfödarna är medvetna om detta och kan därför förbereda sig på cyklerna och vänta på en ny uppgång.
